5). What is the highest common factor of t and s?
2
Let g = 45 - 42. Suppose -2*q + 0 = -g*x - 3, q - x = 4. Calculate the highest common divisor of 99 and q.
9
Let w = 526 - 292. Calculate the greatest common factor of 156 and w.
78
Suppose 2*b - 4*g + 8*g + 40 = 0, 20 = -b - g. Let a be (-52)/b + (-4)/(-10). Let s be 2 - 1*(-453)/a. What is the highest common factor of 17 and s?
17
Let j(b) be the second derivative of -2*b**3/3 - 6*b**2 - 11*b. Let g be j(6). Let w be (4 - 1) + (9 - g). What is the highest common divisor of 72 and w?
24
Let p be 3/2*(-14)/(-14)*26. Let j be (-6)/p - 2004/(-13). What is the highest common factor of 14 and j?
14
Suppose -3*o - 13 = 47. Let n = 38 + o. Suppose 3*d + 4 = -3*l - l, 5*l + 5*d = -10. What is the highest common divisor of l and n?
2
Suppose -18 + 23 = 5*a. Let v = 27 - 20. Let y = v + a. Calculate the greatest common divisor of y and 72.
8
Suppose -z - 2*j + 55 = 0, 5*z - j - 173 = 58. What is the greatest common factor of z and 47?
47
Let q(r) = r + 1. Let f be q(4). Let x be (-3)/(28/(-22) + 1). Suppose 4*h - x = -3. Calculate the highest common factor of f and h.
1
Suppose 0 = 94*p - 99*p + 165. What is the greatest common divisor of p and 1056?
33
Let d = 104 + -59. Suppose -6*f - 108 = -12*f. Calculate the highest common divisor of f and d.
9
Suppose 211 = -11*r + 244. Let y(g) = -g**3 + 3*g**2 + g - 3 + 3 - 1. Let f be y(3). What is the greatest common factor of r and f?
1
Let p(i) = 5*i - 11. Let b be p(4). Let m be 58/4 - b/(-18). Calculate the greatest common factor of m and 135.
15
Let n(l) = 22*l - 70. Let h be n(5). Calculate the greatest common divisor of 280 and h.
40
Let t(c) = c**2 + 10*c + 9. Let y be t(-9). Let i(g) = -g**2 - g - 1. Let r be i(y). Let l = 19 + r. Calculate the highest common divisor of l and 54.
18
Suppose -13*b + 281 + 265 = 0. Let f = b + -33. Suppose 3*s + s - 72 = 0. Calculate the greatest common factor of f and s.
9
Suppose -36*t = -526 + 94. Calculate the greatest common factor of 800 and t.
4
Let c be 482/5 - (-4)/(-10). Let z(j) = -j**2 - 56*j - 372. Let n be z(-8). Calculate the greatest common divisor of n and c.
12
Let d(n) = 3*n - 26. Let q be d(10). Suppose -7*s + q*x = -2*s - 142, 5*s - x - 148 = 0. What is the greatest common factor of s and 3?
3
Let k(i) = 3*i**3 - 3*i**3 - 2*i**3 + 3*i**3 + 4 - 4*i**2 + 4*i. Let n be k(4). Suppose n = 3*a + 2*a. What is the greatest common divisor of a and 4?
4
Suppose 0*r - r + 5*g = -25, 3*r - g = 89. Suppose 45*v - 1799 = 226. Calculate the greatest common factor of v and r.
15
Let o = 145 - 65. What is the highest common factor of o and 720?
80
Suppose -g + 2*y - 43 = -2*g, -5*g - 5*y + 220 = 0. Suppose -21*k = -55 - 50. Calculate the highest common divisor of g and k.
5
Let b = -8 + 21. Suppose -2*x = 2*f + 37 + 9, 0 = -4*x + 4*f - 100. Let k = -11 - x. What is the greatest common divisor of b and k?
13
Let l be ((-40)/8)/(30/(-48)). Calculate the highest common divisor of 88 and l.
8
Let c = 27 + 5. Let n be (24/5)/((-84)/(-280)). Calculate the greatest common divisor of n and c.
16
Let y be (625/(-15))/((-2)/6) - -1. What is the greatest common divisor of y and 63?
63
Suppose 36*c = 48*c - 3360. Calculate the highest common factor of 35 and c.
35
Let v = 21 + 51. Suppose 2*a - v = -q + 3*q, 0 = -5*q + 20. Let r be 14 + (-1 - 0)*-2. Calculate the highest common divisor of r and a.
8
Suppose 4 = 3*d - 2. Suppose 0*z - d*z = -3*u - 11, -4*z - 5*u - 33 = 0. Let b be 42/(-18)*6/z. What is the highest common factor of b and 35?
7
Suppose 5*g - 11 = 49. Calculate the highest common divisor of 52 and g.
4
Let f(y) = y**2 + 8*y - 9. Let q be f(-9). Suppose l + 7 - 10 = 0. Suppose q = 5*x, 4*o + l*x - 822 = 58. Calculate the greatest common divisor of o and 20.
20
Suppose 4*u - 8*u = 188. Let w be (202 + 0)/(1*2). Let b = w + u. Calculate the highest common factor of b and 6.
6
Let v = -35 + 33. Let q be v*(290/(-4))/5. Suppose -5*f + q = -76. What is the highest common factor of f and 14?
7
Let w be ((-6)/(-15))/(9/180). What is the highest common divisor of w and 2696?
8
Suppose j + 2*j = -2*l + 14, 3*j = l + 2. Let w be (-21)/(-2) - (5/j + -3). What is the greatest common divisor of w and 44?
11
Suppose -35*d = 3*d - 418. What is the greatest common divisor of d and 88?
11
Let m(o) = 12*o**3 + 7*o**2 - 8*o - 4. Let q be m(-6). Let c be q/(-21) + (-4)/(-6). Let i be 10/(-35) - (-72)/7. What is the highest common divisor of i and c?
10
Let y(t) = 17*t**2 + 2*t. Let o be y(2). Suppose -21*f + 2484 = 48*f. What is the highest common divisor of f and o?
36
Let p = -604 - -668. Calculate the greatest common factor of 28 and p.
4
Suppose 0 = -4*j + 330 + 150. Let q be (2/(-5))/((-4)/j). Suppose -3*m = -h - 8 - 3, 4*h - 7 = -5*m. What is the greatest common divisor of m and q?
3
Let h be (1 - 12)*(-10 + 8). Suppose 110 = 5*i + 2*w + 2*w, -i + 22 = w. Suppose -3*d + 4*d - i = 0. What is the highest common factor of d and h?
22
Let o be (-1 - 1) + 12/(-3). Let m be o/(-3)*(38 - 2). Calculate the highest common divisor of 24 and m.
24
Let y = 400 - 365. What is the highest common divisor of 28 and y?
7
Let l be (-6)/((-2 - -5)*(-19)/589). Calculate the greatest common factor of l and 31.
31
Suppose 70*s - 16 = 66*s. Calculate the greatest common factor of s and 164.
4
Let d(t) = 4*t**2 - 5*t - 3. Let v be d(-5). Suppose -c + 6 = -v. What is the highest common factor of c and 16?
16
Let f(h) = h**2 - 48*h + 581. Let j be f(20). Calculate the greatest common divisor of j and 861.
21
Suppose -5*u - 340 = 4*b, 3*b = -2*u - 75 - 54. Let t = u + 192. Suppose -109 = -5*s - 34. What is the highest common divisor of s and t?
15
Let y be (12 + -11)*-3 - -137. What is the highest common factor of y and 10?
2
Let m = 1 + -29. Let f = -18 - m. Let h be (-50)/(-4)*8/10. Calculate the greatest common factor of h and f.
10
Let w be -3 - -1 - 4*-2. Let x(g) = -g + 4. Let t be x(w). Let d be (35/(-5))/(t/26). Calculate the highest common factor of d and 13.
13
Let d(z) = 14*z + 267. Let c be d(-17). Suppose 0*p + 228 = 2*u + 4*p, -343 = -3*u - 5*p. Calculate the highest common divisor of c and u.
29
Let h = 71 - 70. Let s be h*(8/6)/((-2)/(-114)). What is the highest common factor of s and 19?
19
Suppose -2 = -2*s + s. Let q(g) = -g**2 + 2*g + 2. Let y be q(s). Let d = 4 - -18. What is the greatest common factor of d and y?
2
Let b = -13 + 103. Suppose -o + b = 2*o + 5*w, -3*w = 3*o - 90. Calculate the greatest common factor of o and 90.
30
Let f = 1608 - 1605. What is the highest common divisor of 447 and f?
3
Let v be -3 + (-200)/(-4) + ((-4)/2 - -3). Let s = -1 - -17. What is the greatest common factor of v and s?
16
Let x(f) = -f**3 + 11*f**2 - 9*f - 4. Let w be x(10). Suppose -14*d - 216 = -18*d. What is the highest common divisor of w and d?
6
Suppose 12 = -7*q + 54. Let r be (-354)/(-8) + q/(-56)*-7. Calculate the highest common divisor of 30 and r.
15
Let g = 124 + -123. Suppose -5*d - 4*w = -48, 4*w + 26 = 4*d + w. Calculate the greatest common factor of d and g.
1
Suppose 2*s + r = -0*r - 259, -2*s + 4*r = 244. Let c be 6/3 - s/4. What is the greatest common factor of c and 51?
17
Let d(p) = p**3 + 7*p**2 + 6*p - 6. Let x be d(-5). Let k be (14/4 - 2)/((-6)/(-8)). Let v = x - k. Calculate the highest common factor of 96 and v.
12
Suppose 44 = 5*o + 69. Let t(d) = -d**3 - 6*d**2 - 7*d - 3. Let a be t(o). Suppose -s = 2*s - 21. What is the highest common divisor of a and s?
7
Let z(q) = -q**3 - 8*q**2 + 7*q - 18. Let x be z(-9). Suppose 6*p - 78 = -x*p. Calculate the greatest common divisor of 169 and p.
13
Suppose 3*m + 19*o - 15*o = 150, 3*m + 5*o = 150. Calculate the highest common divisor of m and 40.
10
Let m be 2/8 - (-2 + 18/8). Suppose 5*l - 4*l - 1 = 0, m = u + 4*l - 28. What is the highest common factor of u and 12?
12
Suppose -17*h + 21 = -14*h. Suppose -9*b = -h*b. Suppose b = -4*r - 2*a + 104, -a = -5*r + 108 + 8. What is the greatest common divisor of 60 and r?
12
Suppose 126*t + 45 = 129*t. What is the greatest common divisor of t and 435?
15
Suppose -10 = -a + 2. Let c = 36 - a. Calculate the greatest common divisor of 60 and c.
12
Let k be (-156)/(-117) - (-352)/6. What is the greatest common factor of 390 and k?
